{"id":67,"date":"2023-10-14T09:59:26","date_gmt":"2023-10-14T09:59:26","guid":{"rendered":"https:\/\/worldarchaeologicalcongress.com\/wac9\/?page_id=67"},"modified":"2023-10-14T09:59:26","modified_gmt":"2023-10-14T09:59:26","slug":"about-wac-9","status":"publish","type":"page","link":"https:\/\/worldarchaeologicalcongress.com\/wac9\/about-wac-9\/","title":{"rendered":"About WAC-9"},"content":{"rendered":"\n<h2 class=\"wp-block-heading\">Venue<\/h2>\n\n\n\n<p>The congress will take place at the\u00a0<strong>Cubex Centre Prague<\/strong>.<\/p>\n\n\n\n<p><\/p>\n\n\n\n<h3 class=\"wp-block-heading\">Address<\/h3>\n\n\n\n<p><strong>Cubex Centre Prague<\/strong><br>Na Str\u017ei 2097\/63<br>140 00 Prague 4<br>Czech Republic<\/p>\n\n\n\n<h4 class=\"wp-block-heading\">Arrival from the Airport<\/h4>\n\n\n\n<p>The distance from the V\u00e1clav Havel Airport Prague is 20 kilometers. A taxi ride from the airport to the Cubex Centre Prague will take approximately 30\u201340 minutes and costs about 25\u201330 EUR. You can also travel by public transport. Take the bus No. 119 towards \u201cN\u00e1dra\u017e\u00ed Veleslav\u00edn\u201d (METRO station). Leave the bus at the end stop and change for the METRO green line \u201cA\u201d the direction towards \u201cDepo Hostivar\u201d. You will go 7 stops to the station \u201cMuzeum\u201d. Change there for the METRO red line C and go to the station \u201cPankr\u00e1c\u201d. Take either escalator up to the next level where you will have to take an additional escalator or stairs to reach ground level. Cubex Centre Prague is situated approximately 100 m from the metro station.<\/p>\n\n\n\n<h4 class=\"wp-block-heading\">Arrival by subway<\/h4>\n\n\n\n<p>Take C line until you reach the \u201cPankr\u00e1c\u201d metro station and then take either escalator up to the next level where you will have to take an additional escalator or stairs to reach ground level. Cubex Centre Prague is situated approximately 100 m from the metro station.<\/p>\n\n\n\n<h4 class=\"wp-block-heading\">Arrival by car<\/h4>\n\n\n\n<p>If travelling northbound from Brno on Highway D1, follow the E50 route, which then becomes 5. kv\u011btna (May 5th Street) or locally known as \u2018Magistrala\u2019 and is more of an inner-city highway or boulevard than a typical city street. From there you should easily recognize the Ark\u00e1dy shopping center on your left-hand side, where you can find parking.<\/p>\n\n\n\n<h4 class=\"wp-block-heading\">Parking information<\/h4>\n\n\n\n<p>If you go by car you can park in the Ark\u00e1dy shopping centre which is less than 100 metres from the Cubex Centre Prague. Please note that first 2 hours of parking there are for free and any additional time is 40 CZK per hour.<\/p>\n","protected":false},"excerpt":{"rendered":"<p>Venue The congress will take place at the\u00a0Cubex Centre Prague. Address Cubex Centre PragueNa Str\u017ei 2097\/63140 00 Prague 4Czech Republic Arrival from the Airport The distance from the V\u00e1clav Havel Airport Prague is 20 kilometers. A taxi ride from the airport to the Cubex Centre Prague will take approximately 30\u201340 minutes and costs about 25\u201330 [&hellip;]<\/p>\n","protected":false},"author":1157,"featured_media":0,"parent":0,"menu_order":0,"comment_status":"closed","ping_status":"closed","template":"","meta":{"footnotes":""},"class_list":["post-67","page","type-page","status-publish","czr-hentry"],"_links":{"self":[{"href":"https:\/\/worldarchaeologicalcongress.com\/wac9\/wp-json\/wp\/v2\/pages\/67","targetHints":{"allow":["GET"]}}],"collection":[{"href":"https:\/\/worldarchaeologicalcongress.com\/wac9\/wp-json\/wp\/v2\/pages"}],"about":[{"href":"https:\/\/worldarchaeologicalcongress.com\/wac9\/wp-json\/wp\/v2\/types\/page"}],"author":[{"embeddable":true,"href":"https:\/\/worldarchaeologicalcongress.com\/wac9\/wp-json\/wp\/v2\/users\/1157"}],"replies":[{"embeddable":true,"href":"https:\/\/worldarchaeologicalcongress.com\/wac9\/wp-json\/wp\/v2\/comments?post=67"}],"version-history":[{"count":1,"href":"https:\/\/worldarchaeologicalcongress.com\/wac9\/wp-json\/wp\/v2\/pages\/67\/revisions"}],"predecessor-version":[{"id":72,"href":"https:\/\/worldarchaeologicalcongress.com\/wac9\/wp-json\/wp\/v2\/pages\/67\/revisions\/72"}],"wp:attachment":[{"href":"https:\/\/worldarchaeologicalcongress.com\/wac9\/wp-json\/wp\/v2\/media?parent=67"}],"curies":[{"name":"wp","href":"https:\/\/api.w.org\/{rel}","templated":true}]}}