{"id":8457,"date":"2025-05-27T11:35:29","date_gmt":"2025-05-27T11:35:29","guid":{"rendered":"https:\/\/worldarchaeologicalcongress.com\/wac10\/?page_id=8457"},"modified":"2025-05-27T11:37:31","modified_gmt":"2025-05-27T11:37:31","slug":"rocio-fuenzalida","status":"publish","type":"page","link":"https:\/\/worldarchaeologicalcongress.com\/wac10\/rocio-fuenzalida\/","title":{"rendered":"Roc\u00edo Fuenzalida"},"content":{"rendered":"\n<figure class=\"wp-block-gallery has-nested-images columns-4 is-cropped wp-block-gallery-1 is-layout-flex wp-block-gallery-is-layout-flex\">\n<figure class=\"wp-block-image size-large\"><img loading=\"lazy\" decoding=\"async\" width=\"768\" height=\"1024\" data-id=\"8461\" src=\"https:\/\/worldarchaeologicalcongress.com\/wac10\/wp-content\/uploads\/sites\/9\/2025\/05\/WhatsApp-Image-2025-05-26-at-21.52.51-768x1024.jpeg\" alt=\"\" class=\"wp-image-8461\" srcset=\"https:\/\/worldarchaeologicalcongress.com\/wac10\/wp-content\/uploads\/sites\/9\/2025\/05\/WhatsApp-Image-2025-05-26-at-21.52.51-768x1024.jpeg 768w, https:\/\/worldarchaeologicalcongress.com\/wac10\/wp-content\/uploads\/sites\/9\/2025\/05\/WhatsApp-Image-2025-05-26-at-21.52.51-225x300.jpeg 225w, https:\/\/worldarchaeologicalcongress.com\/wac10\/wp-content\/uploads\/sites\/9\/2025\/05\/WhatsApp-Image-2025-05-26-at-21.52.51-1152x1536.jpeg 1152w, https:\/\/worldarchaeologicalcongress.com\/wac10\/wp-content\/uploads\/sites\/9\/2025\/05\/WhatsApp-Image-2025-05-26-at-21.52.51.jpeg 1200w\" sizes=\"auto, (max-width: 768px) 100vw, 768px\" \/><\/figure>\n\n\n\n<figure class=\"wp-block-image size-large\"><img loading=\"lazy\" decoding=\"async\" width=\"768\" height=\"1024\" data-id=\"8464\" src=\"https:\/\/worldarchaeologicalcongress.com\/wac10\/wp-content\/uploads\/sites\/9\/2025\/05\/WhatsApp-Image-2025-05-26-at-21.54.19-1-768x1024.jpeg\" alt=\"\" class=\"wp-image-8464\" srcset=\"https:\/\/worldarchaeologicalcongress.com\/wac10\/wp-content\/uploads\/sites\/9\/2025\/05\/WhatsApp-Image-2025-05-26-at-21.54.19-1-768x1024.jpeg 768w, https:\/\/worldarchaeologicalcongress.com\/wac10\/wp-content\/uploads\/sites\/9\/2025\/05\/WhatsApp-Image-2025-05-26-at-21.54.19-1-225x300.jpeg 225w, https:\/\/worldarchaeologicalcongress.com\/wac10\/wp-content\/uploads\/sites\/9\/2025\/05\/WhatsApp-Image-2025-05-26-at-21.54.19-1-1152x1536.jpeg 1152w, https:\/\/worldarchaeologicalcongress.com\/wac10\/wp-content\/uploads\/sites\/9\/2025\/05\/WhatsApp-Image-2025-05-26-at-21.54.19-1-1536x2048.jpeg 1536w, https:\/\/worldarchaeologicalcongress.com\/wac10\/wp-content\/uploads\/sites\/9\/2025\/05\/WhatsApp-Image-2025-05-26-at-21.54.19-1-scaled.jpeg 1920w\" sizes=\"auto, (max-width: 768px) 100vw, 768px\" \/><\/figure>\n\n\n\n<figure class=\"wp-block-image size-large\"><img loading=\"lazy\" decoding=\"async\" width=\"768\" height=\"1024\" data-id=\"8465\" src=\"https:\/\/worldarchaeologicalcongress.com\/wac10\/wp-content\/uploads\/sites\/9\/2025\/05\/WhatsApp-Image-2025-05-26-at-21.55.50-768x1024.jpeg\" alt=\"\" class=\"wp-image-8465\" srcset=\"https:\/\/worldarchaeologicalcongress.com\/wac10\/wp-content\/uploads\/sites\/9\/2025\/05\/WhatsApp-Image-2025-05-26-at-21.55.50-768x1024.jpeg 768w, https:\/\/worldarchaeologicalcongress.com\/wac10\/wp-content\/uploads\/sites\/9\/2025\/05\/WhatsApp-Image-2025-05-26-at-21.55.50-225x300.jpeg 225w, https:\/\/worldarchaeologicalcongress.com\/wac10\/wp-content\/uploads\/sites\/9\/2025\/05\/WhatsApp-Image-2025-05-26-at-21.55.50-1152x1536.jpeg 1152w, https:\/\/worldarchaeologicalcongress.com\/wac10\/wp-content\/uploads\/sites\/9\/2025\/05\/WhatsApp-Image-2025-05-26-at-21.55.50-1536x2048.jpeg 1536w, https:\/\/worldarchaeologicalcongress.com\/wac10\/wp-content\/uploads\/sites\/9\/2025\/05\/WhatsApp-Image-2025-05-26-at-21.55.50-scaled.jpeg 1920w\" sizes=\"auto, (max-width: 768px) 100vw, 768px\" \/><\/figure>\n\n\n\n<figure class=\"wp-block-image size-large\"><img loading=\"lazy\" decoding=\"async\" width=\"576\" height=\"1024\" data-id=\"8463\" src=\"https:\/\/worldarchaeologicalcongress.com\/wac10\/wp-content\/uploads\/sites\/9\/2025\/05\/WhatsApp-Image-2025-05-26-at-23.30.47-1-576x1024.jpeg\" alt=\"\" class=\"wp-image-8463\" srcset=\"https:\/\/worldarchaeologicalcongress.com\/wac10\/wp-content\/uploads\/sites\/9\/2025\/05\/WhatsApp-Image-2025-05-26-at-23.30.47-1-576x1024.jpeg 576w, https:\/\/worldarchaeologicalcongress.com\/wac10\/wp-content\/uploads\/sites\/9\/2025\/05\/WhatsApp-Image-2025-05-26-at-23.30.47-1-169x300.jpeg 169w, https:\/\/worldarchaeologicalcongress.com\/wac10\/wp-content\/uploads\/sites\/9\/2025\/05\/WhatsApp-Image-2025-05-26-at-23.30.47-1-768x1366.jpeg 768w, https:\/\/worldarchaeologicalcongress.com\/wac10\/wp-content\/uploads\/sites\/9\/2025\/05\/WhatsApp-Image-2025-05-26-at-23.30.47-1-864x1536.jpeg 864w, https:\/\/worldarchaeologicalcongress.com\/wac10\/wp-content\/uploads\/sites\/9\/2025\/05\/WhatsApp-Image-2025-05-26-at-23.30.47-1.jpeg 899w\" sizes=\"auto, (max-width: 576px) 100vw, 576px\" \/><\/figure>\n\n\n\n<figure class=\"wp-block-image size-large\"><img loading=\"lazy\" decoding=\"async\" width=\"1024\" height=\"577\" data-id=\"8466\" src=\"https:\/\/worldarchaeologicalcongress.com\/wac10\/wp-content\/uploads\/sites\/9\/2025\/05\/WhatsApp-Image-2025-05-26-at-23.30.47-1024x577.jpeg\" alt=\"\" class=\"wp-image-8466\" srcset=\"https:\/\/worldarchaeologicalcongress.com\/wac10\/wp-content\/uploads\/sites\/9\/2025\/05\/WhatsApp-Image-2025-05-26-at-23.30.47-1024x577.jpeg 1024w, https:\/\/worldarchaeologicalcongress.com\/wac10\/wp-content\/uploads\/sites\/9\/2025\/05\/WhatsApp-Image-2025-05-26-at-23.30.47-300x169.jpeg 300w, https:\/\/worldarchaeologicalcongress.com\/wac10\/wp-content\/uploads\/sites\/9\/2025\/05\/WhatsApp-Image-2025-05-26-at-23.30.47-768x433.jpeg 768w, https:\/\/worldarchaeologicalcongress.com\/wac10\/wp-content\/uploads\/sites\/9\/2025\/05\/WhatsApp-Image-2025-05-26-at-23.30.47-1536x866.jpeg 1536w, https:\/\/worldarchaeologicalcongress.com\/wac10\/wp-content\/uploads\/sites\/9\/2025\/05\/WhatsApp-Image-2025-05-26-at-23.30.47-1110x624.jpeg 1110w, https:\/\/worldarchaeologicalcongress.com\/wac10\/wp-content\/uploads\/sites\/9\/2025\/05\/WhatsApp-Image-2025-05-26-at-23.30.47-528x297.jpeg 528w, https:\/\/worldarchaeologicalcongress.com\/wac10\/wp-content\/uploads\/sites\/9\/2025\/05\/WhatsApp-Image-2025-05-26-at-23.30.47.jpeg 1600w\" sizes=\"auto, (max-width: 1024px) 100vw, 1024px\" \/><\/figure>\n\n\n\n<figure class=\"wp-block-image size-large\"><img loading=\"lazy\" decoding=\"async\" width=\"1024\" height=\"577\" data-id=\"8467\" src=\"https:\/\/worldarchaeologicalcongress.com\/wac10\/wp-content\/uploads\/sites\/9\/2025\/05\/WhatsApp-Image-2025-05-26-at-23.30.48-1024x577.jpeg\" alt=\"\" class=\"wp-image-8467\" srcset=\"https:\/\/worldarchaeologicalcongress.com\/wac10\/wp-content\/uploads\/sites\/9\/2025\/05\/WhatsApp-Image-2025-05-26-at-23.30.48-1024x577.jpeg 1024w, https:\/\/worldarchaeologicalcongress.com\/wac10\/wp-content\/uploads\/sites\/9\/2025\/05\/WhatsApp-Image-2025-05-26-at-23.30.48-300x169.jpeg 300w, https:\/\/worldarchaeologicalcongress.com\/wac10\/wp-content\/uploads\/sites\/9\/2025\/05\/WhatsApp-Image-2025-05-26-at-23.30.48-768x433.jpeg 768w, https:\/\/worldarchaeologicalcongress.com\/wac10\/wp-content\/uploads\/sites\/9\/2025\/05\/WhatsApp-Image-2025-05-26-at-23.30.48-1536x866.jpeg 1536w, https:\/\/worldarchaeologicalcongress.com\/wac10\/wp-content\/uploads\/sites\/9\/2025\/05\/WhatsApp-Image-2025-05-26-at-23.30.48-1110x624.jpeg 1110w, https:\/\/worldarchaeologicalcongress.com\/wac10\/wp-content\/uploads\/sites\/9\/2025\/05\/WhatsApp-Image-2025-05-26-at-23.30.48-528x297.jpeg 528w, https:\/\/worldarchaeologicalcongress.com\/wac10\/wp-content\/uploads\/sites\/9\/2025\/05\/WhatsApp-Image-2025-05-26-at-23.30.48.jpeg 1600w\" sizes=\"auto, (max-width: 1024px) 100vw, 1024px\" \/><\/figure>\n<\/figure>\n\n\n\n<p>Roc\u00edo I. Fuenzalida C\u00e1ceres (b. 2001) Holds a Bachelor &#8216;s degree in Anthropology from the Universidad de Tarapac\u00e1, Arica, Chile, with a specialization in Archaeology. Her research interests include urban landscapes, historical and contemporary archaeology, and graphic expressions (art). Her undergraduate thesis, developed under the UTA research grant <em>\u201cLo urbano bajo escrutinio: Miradas interdisciplinares de la ciudad\u201d<\/em>, explored the graphic landscapes of Arica, focusing on urban graffiti as a tool for social discourse. In 2024, she presented at the IX Symposium of the&nbsp; XXIII CNACH (<em>Congreso Nacional de Arqueolog\u00eda Chilena<\/em>) as a co-author of a collaborative paper (currently in press) on alternative urban landscapes in Arica. In the WAC 10 is&nbsp; co-organizing a session (Archaeologies of cities: critical perspectives on ancient, historical and contemporary cities)&nbsp;in Theme 24 and presenting 2 papers, one of them as the principal author.&nbsp;<\/p>\n\n\n\n<p>She also worked for the <em>Museo Arqueologico&nbsp;San Miguel de Azapa<\/em> (MASMA) on the register of collections for a semester in 2023.&nbsp;<\/p>\n\n\n\n<p><strong>Education<\/strong><br>I have a Bachelor\u2019s degree in Anthropology, and I am professionally qualified as an Anthropologist with a specialization in Archaeology (2025).<\/p>\n\n\n\n<p><\/p>\n","protected":false},"excerpt":{"rendered":"<p>Roc\u00edo I. Fuenzalida C\u00e1ceres (b. 2001) Holds a Bachelor &#8216;s degree in Anthropology from the Universidad de Tarapac\u00e1, Arica, Chile, with a specialization in Archaeology. Her research interests include urban landscapes, historical and contemporary archaeology, and graphic expressions (art). Her undergraduate thesis, developed under the UTA research grant \u201cLo urbano bajo escrutinio: Miradas interdisciplinares de [&hellip;]<\/p>\n","protected":false},"author":1157,"featured_media":275,"parent":0,"menu_order":0,"comment_status":"closed","ping_status":"closed","template":"","meta":{"pmpro_default_level":"","ngg_post_thumbnail":0,"footnotes":""},"class_list":{"0":"post-8457","1":"page","2":"type-page","3":"status-publish","4":"has-post-thumbnail","6":"pmpro-has-access","7":"czr-hentry"},"_links":{"self":[{"href":"https:\/\/worldarchaeologicalcongress.com\/wac10\/wp-json\/wp\/v2\/pages\/8457","targetHints":{"allow":["GET"]}}],"collection":[{"href":"https:\/\/worldarchaeologicalcongress.com\/wac10\/wp-json\/wp\/v2\/pages"}],"about":[{"href":"https:\/\/worldarchaeologicalcongress.com\/wac10\/wp-json\/wp\/v2\/types\/page"}],"author":[{"embeddable":true,"href":"https:\/\/worldarchaeologicalcongress.com\/wac10\/wp-json\/wp\/v2\/users\/1157"}],"replies":[{"embeddable":true,"href":"https:\/\/worldarchaeologicalcongress.com\/wac10\/wp-json\/wp\/v2\/comments?post=8457"}],"version-history":[{"count":2,"href":"https:\/\/worldarchaeologicalcongress.com\/wac10\/wp-json\/wp\/v2\/pages\/8457\/revisions"}],"predecessor-version":[{"id":8469,"href":"https:\/\/worldarchaeologicalcongress.com\/wac10\/wp-json\/wp\/v2\/pages\/8457\/revisions\/8469"}],"wp:featuredmedia":[{"embeddable":true,"href":"https:\/\/worldarchaeologicalcongress.com\/wac10\/wp-json\/wp\/v2\/media\/275"}],"wp:attachment":[{"href":"https:\/\/worldarchaeologicalcongress.com\/wac10\/wp-json\/wp\/v2\/media?parent=8457"}],"curies":[{"name":"wp","href":"https:\/\/api.w.org\/{rel}","templated":true}]}}