{"id":1173,"date":"2024-07-11T09:55:22","date_gmt":"2024-07-11T09:55:22","guid":{"rendered":"https:\/\/worldarchaeologicalcongress.com\/wac10\/?page_id=1173"},"modified":"2025-04-24T10:31:40","modified_gmt":"2025-04-24T10:31:40","slug":"theme-04-identities-human-rights-freedom-and-archaeology-in-the-globalised-world","status":"publish","type":"page","link":"https:\/\/worldarchaeologicalcongress.com\/wac10\/theme-04-identities-human-rights-freedom-and-archaeology-in-the-globalised-world\/","title":{"rendered":"THEME 04: Identities, Human Rights, Freedom and Archaeology in the Globalised World"},"content":{"rendered":"\n<p><strong>Convenors:<\/strong>&nbsp;Jan Turek&nbsp;(Czech Republic), Marcia Bezerra (Brasil), Ndukuyakhe Ndlovu (South Africa) and Chung-Pin Hsieh (Taiwan)<\/p>\n\n\n\n<p>In today\u2019s globalised world, archaeology is confronted on a daily basis with changes and challenges in public opinion, with the development of society in a diverse geopolitical context, but also with a wide range of human rights issues. There is no doubt that archaeology, as a social science, cannot develop in isolation from changes in society and, quite to the contrary, that it is compelled to reflect on the major societal issues of our time. Academia has to take a firm stance on social and political issues and offer its professional and moral commitment as a point of stability in current restless times.<\/p>\n\n\n\n<p>In the first two decades of this century, we experienced an era in which reliable and well-balanced information was often replaced with propaganda-driven misinformation and hoaxes and the desire for truth and freedom seems to be bogged down in a flurry of individual interests. The third decade brought major challenges and dangers. After decades of peace keeping attempts, the apocalyptic perspective of nuclear conflict is being irresponsibly introduced into political disputes.<\/p>\n\n\n\n<p>Totalitarian regimes worldwide expand their influence and even some stable democracies seem to be susceptible to similar developments. We should be aware of, and remember, how archaeology has been repeatedly appropriated to support oppressive and evil regimes in the past, and we have to ensure that such use is prevented today. Archaeology plays an important role in the reconciliation of historical injustice and oppression. We play witness to an increasing number of positive cases, helping indigenous communities worldwide to regain their rights, including their authentic decolonised reading of history, repatriation of human remains, objects and land. At the same time, new genocidal excesses, such as current conflicts in Darfur, Middle East or Ukraine, are again challenging global humanity. Archaeology responds not only to the challenges of collective identity, but also to the freedom to formulate gendered personal identities that respect the freedom of individuals to express their personal choices and worldviews in life and research perspectives.<\/p>\n\n\n\n<p><strong>Contacts:<\/strong>&nbsp;<\/p>\n\n\n\n<p>Jan Turek<br>Centre for Theoretical Study, Charles University, Prague, Czech Republic<br><a href=\"mailto:turekjan@hotmail.com\">turekjan@hotmail.com<\/a><\/p>\n\n\n\n<p>Marcia Bezerra<br>Universidade Federal do Par\u00e1 &#8211; UFPA. Bacharelado de Museologia\/FAV\/Instituto de Ci\u00eancias da Arte \u2013 ICA, Programa de P\u00f3s-Gradua\u00e7\u00e3o em Antropologia\/ Instituto de Filosofia e Ci\u00eancias Humanas &#8211; IFCH, Brasil<br><a href=\"mailto:marciabezerrac14@gmail.com\">marciabezerrac14@gmail.com<\/a><\/p>\n\n\n\n<p>Ndukuyakhe Ndlovu<br>Manager: Archaeology at South African National Parks (SANParks), Pretoria, Gauteng, South Africa<br><a href=\"mailto:ndukuyakhe@googlemail.com\">ndukuyakhe@googlemail.com<\/a><\/p>\n\n\n\n<p>Chung-Pin Hsieh<br>Department of Anthropology, National Taiwan University, Taipei, Taiwan<br><a href=\"mailto:r10125007@ntu.edu.tw\">r10125007@ntu.edu.tw<\/a><\/p>\n\n\n\n<p><strong>THEME 04 SESSIONS<\/strong><\/p>\n\n\n\n<p><strong><a href=\"https:\/\/worldarchaeologicalcongress.com\/wac10\/t04-s01-papers\/\" data-type=\"page\" data-id=\"6819\">T04\/Session 01: Archaeology and Networks of Solidarity: Women, Human Rights, and Sovereignty<\/a><\/strong><\/p>\n\n\n\n<p><strong><a href=\"https:\/\/worldarchaeologicalcongress.com\/wac10\/t04-s02-papers\/\" data-type=\"page\" data-id=\"6821\">T04\/Session 02 Spiritual Identities Written in Landscapes<\/a><\/strong><\/p>\n\n\n\n<p><strong><a href=\"https:\/\/worldarchaeologicalcongress.com\/wac10\/t04-s03-papers\/\" data-type=\"page\" data-id=\"6823\">T04\/Session 03: Indigenous Repatriation and Ownership of Cultural Heritage<\/a><\/strong><\/p>\n\n\n\n<p><strong><a href=\"https:\/\/worldarchaeologicalcongress.com\/wac10\/t04-s04-papers\/\" data-type=\"page\" data-id=\"6825\">T04\/Session 04: Identity Wars. Archaeology and International Law in the Regions of Armed Conflicts<\/a><\/strong><\/p>\n\n\n\n<p><a href=\"https:\/\/worldarchaeologicalcongress.com\/wac10\/t04-s05-papers\/\" data-type=\"page\" data-id=\"6827\"><strong>T04\/Session 05: Ancestral Roots and Archaeology: The Knowledge Connection<\/strong> <\/a><\/p>\n\n\n\n<p><strong><a href=\"https:\/\/worldarchaeologicalcongress.com\/wac10\/t04-s06-papers\/\" data-type=\"page\" data-id=\"6829\">T04\/Session 06:\u00a0Palestinian Cultural and Archaeological Heritage in the Making<\/a><\/strong><\/p>\n\n\n\n<p><strong><a href=\"https:\/\/worldarchaeologicalcongress.com\/wac10\/t04-s07-papers\/\" data-type=\"page\" data-id=\"6831\">T04\/Session 07:\u00a0The Power in Otherness: Unpacking Theories of Identity<\/a><\/strong><\/p>\n\n\n\n<p><strong><a href=\"https:\/\/worldarchaeologicalcongress.com\/wac10\/t04-s08-papers\/\" data-type=\"page\" data-id=\"6833\">T04\/Session 08:\u00a0Reports on Indigenous Heritage Rights<\/a><\/strong><\/p>\n\n\n\n<p><strong><a href=\"https:\/\/worldarchaeologicalcongress.com\/wac10\/t04-s09-papers\/\" data-type=\"page\" data-id=\"6835\">T04\/Session 09: Neutering the Narrative: Exploring the History and Heritage of Repression, Genocide, Political Violence and Massacre<\/a><\/strong><\/p>\n\n\n\n<p><\/p>\n","protected":false},"excerpt":{"rendered":"<p>Convenors:&nbsp;Jan Turek&nbsp;(Czech Republic), Marcia Bezerra (Brasil), Ndukuyakhe Ndlovu (South Africa) and Chung-Pin Hsieh (Taiwan) In today\u2019s globalised world, archaeology is confronted on a daily basis with changes and challenges in public opinion, with the development of society in a diverse geopolitical context, but also with a wide range of human rights issues. There is no [&hellip;]<\/p>\n","protected":false},"author":1157,"featured_media":276,"parent":0,"menu_order":0,"comment_status":"closed","ping_status":"closed","template":"","meta":{"pmpro_default_level":"","ngg_post_thumbnail":0,"footnotes":""},"class_list":{"0":"post-1173","1":"page","2":"type-page","3":"status-publish","4":"has-post-thumbnail","6":"pmpro-has-access","7":"czr-hentry"},"_links":{"self":[{"href":"https:\/\/worldarchaeologicalcongress.com\/wac10\/wp-json\/wp\/v2\/pages\/1173","targetHints":{"allow":["GET"]}}],"collection":[{"href":"https:\/\/worldarchaeologicalcongress.com\/wac10\/wp-json\/wp\/v2\/pages"}],"about":[{"href":"https:\/\/worldarchaeologicalcongress.com\/wac10\/wp-json\/wp\/v2\/types\/page"}],"author":[{"embeddable":true,"href":"https:\/\/worldarchaeologicalcongress.com\/wac10\/wp-json\/wp\/v2\/users\/1157"}],"replies":[{"embeddable":true,"href":"https:\/\/worldarchaeologicalcongress.com\/wac10\/wp-json\/wp\/v2\/comments?post=1173"}],"version-history":[{"count":20,"href":"https:\/\/worldarchaeologicalcongress.com\/wac10\/wp-json\/wp\/v2\/pages\/1173\/revisions"}],"predecessor-version":[{"id":7168,"href":"https:\/\/worldarchaeologicalcongress.com\/wac10\/wp-json\/wp\/v2\/pages\/1173\/revisions\/7168"}],"wp:featuredmedia":[{"embeddable":true,"href":"https:\/\/worldarchaeologicalcongress.com\/wac10\/wp-json\/wp\/v2\/media\/276"}],"wp:attachment":[{"href":"https:\/\/worldarchaeologicalcongress.com\/wac10\/wp-json\/wp\/v2\/media?parent=1173"}],"curies":[{"name":"wp","href":"https:\/\/api.w.org\/{rel}","templated":true}]}}